{"id":41528,"identifier":"d6d6ec20574a8edd88dbf2d56712c1445dc93d6ffb520baa3c813f00dee9f485","request_date":"2010-09-22 03:00:00","date":"2010-10-06 16:00:00","duration_minutes":null,"publish_date":"2010-10-06 19:00:00","published_by":null,"status":"PUBLICADA","summary":"Visitantes arribados al pa\u00eds para participar ceremonia D\u00eda Mar\u00edtimo Mundial, presentaron saludo protocolar e hicieron referencia a las actividades de la OMI de la que el se\u00f1or Sekimizu es Director del Departamento de Seguridad Mar\u00edtima.","motif":"Institucional","interest_type":"PROPIO","place":"Despacho Prefecto Nacional","address":"Ministerio de Justicia, Seguridad y Derechos Humanos","type":"PRESENCIAL","obligee_id":41528,"applicant_id":41528,"author_id":null,"dependency_id":null,"has_participants":false,"document_reference":null,"active":true,"deleted_by":null,"deleted_reason":null,"created_at":"2026-03-30 14:23:11","updated_at":"2026-03-30 14:23:11","deleted_at":null,"participants_count":1,"local_date":"2010-10-06","local_time":"16:00","obligee":{"id":41528,"dependency_id":420,"dependency_name":"Prefectura Naval Argentina, Ministerio de Justicia, Seguridad y Derechos Humanos","active":true,"position":"Prefecto Nacional Naval","created_at":"2026-03-30T17:23:11.000000Z","updated_at":null,"deleted_at":null,"person":{"id":91585,"name":"ARCE Oscar Adolfo","country":"Argentina","document":null,"email":null,"telephone":null,"gender":null},"dependency":{"id":420,"name":"Prefectura Naval Argentina"}},"dependency":{"id":420,"name":"Prefectura Naval Argentina"},"applicant":{"id":41528,"audience_id":41528,"email":null,"telephone":null,"occupation":"Deputy Director General Engineering Affairs","present":true,"absent":false,"applicant_type":"ARGENTINO","applicant_country":null,"representation_type":"PARTICULAR","represented_entity":null,"interest_type":"PROPIO","active":true,"created_at":"2026-03-30T17:23:11.000000Z","updated_at":null,"deleted_at":null,"person":{"id":100287,"name":"Mori Masato","country":"Argentina","document":"B 000007","email":null,"telephone":null,"gender":null}},"participants":[{"id":41528,"audience_id":41528,"occupation":".","present":true,"created_at":"2026-03-30T17:23:11.000000Z","updated_at":null,"person":{"id":100289,"name":"Solicitante acompa\u00f1ado del se\u00f1or Koji Sekimizu y Prefecto Nacional","country":"Argentina","document":null,"email":null,"telephone":null,"gender":null}}],"files":[]}

Visitantes arribados al país para participar ceremonia Día Marítimo Mundial, presentaron saludo protocolar e hicieron referencia a las actividades de la OMI de la que el señor Sekimizu es Director del Departamento de Seguridad Marítima.

Solicitante acompañado del señor Koji Sekimizu y Prefecto Nacional
