{"id":40995,"identifier":"d63b026fa76c28aba2c2964834d5eba79da77130de349224963d8fd89286b551","request_date":"2010-08-19 03:00:00","date":"2010-08-25 10:30:00","duration_minutes":null,"publish_date":"2010-08-25 13:30:00","published_by":null,"status":"PUBLICADA","summary":"Visitantes presentaron saludos protocolares y se ultimaron detalles acerca de la participaci\u00f3n de un Guardacostas de Prefectura en la revista naval a realizarse en Chile con motivo de su Bicentenario.","motif":"Protocolar","interest_type":"COLECTIVO","place":"Despacho Prefecto Nacional","address":"Ministerio de Justicia, Seguridad y Derechos Humanos","type":"PRESENCIAL","obligee_id":40995,"applicant_id":40995,"author_id":null,"dependency_id":null,"has_participants":false,"document_reference":null,"active":true,"deleted_by":null,"deleted_reason":null,"created_at":"2026-03-30 14:23:02","updated_at":"2026-03-30 14:23:02","deleted_at":null,"participants_count":1,"local_date":"2010-08-25","local_time":"10:30","obligee":{"id":40995,"dependency_id":420,"dependency_name":"Prefectura Naval Argentina, Ministerio de Justicia, Seguridad y Derechos Humanos","active":true,"position":"Prefecto Nacional Naval","created_at":"2026-03-30T17:23:02.000000Z","updated_at":null,"deleted_at":null,"person":{"id":91585,"name":"ARCE Oscar Adolfo","country":"Argentina","document":null,"email":null,"telephone":null,"gender":null},"dependency":{"id":420,"name":"Prefectura Naval Argentina"}},"dependency":{"id":420,"name":"Prefectura Naval Argentina"},"applicant":{"id":40995,"audience_id":40995,"email":null,"telephone":null,"occupation":"AGREGADO NAVAL A LA EMBAJADA DE CHILE","present":true,"absent":false,"applicant_type":"ARGENTINO","applicant_country":null,"representation_type":"PARTICULAR","represented_entity":null,"interest_type":"COLECTIVO","active":true,"created_at":"2026-03-30T17:23:02.000000Z","updated_at":null,"deleted_at":null,"person":{"id":94275,"name":"LUBASCHER CORREA PABLO","country":"Argentina","document":"-X-X-X-X","email":null,"telephone":null,"gender":null}},"participants":[{"id":40995,"audience_id":40995,"occupation":".","present":true,"created_at":"2026-03-30T17:23:02.000000Z","updated_at":null,"person":{"id":99091,"name":"Solicitante; Capit\u00e1n de Nav\u00edo (Armada de Chile) Iv\u00e1n Valenzuela y Prefecto Nacional Naval","country":"Argentina","document":null,"email":null,"telephone":null,"gender":null}}],"files":[]}

Visitantes presentaron saludos protocolares y se ultimaron detalles acerca de la participación de un Guardacostas de Prefectura en la revista naval a realizarse en Chile con motivo de su Bicentenario.

Solicitante; Capitán de Navío (Armada de Chile) Iván Valenzuela y Prefecto Nacional Naval
