{"id":22228,"identifier":"a7ff6323371cffaa022d354787e8d713085efd440faa1116adb394b9ee5ddebb","request_date":"2007-08-10 03:00:00","date":"2007-08-14 11:00:00","duration_minutes":null,"publish_date":"2007-08-14 14:00:00","published_by":null,"status":"PUBLICADA","summary":"VISTA DE EXPEDIENTES SOBRE CONTRATACION DE PERSONAL DE INTERCARGO.","motif":"VISTA DE EXPEDIENTES","interest_type":"COLECTIVO","place":"PRIVADA DEL Sr. SUBSECRETARIO LEGAL","address":"Ministerio de Planificaci\u00f3n Federal, Inversi\u00f3n P\u00fablica y Servicios","type":"PRESENCIAL","obligee_id":22228,"applicant_id":22228,"author_id":null,"dependency_id":null,"has_participants":false,"document_reference":null,"active":true,"deleted_by":null,"deleted_reason":null,"created_at":"2026-03-30 14:17:23","updated_at":"2026-03-30 14:17:23","deleted_at":null,"participants_count":1,"local_date":"2007-08-14","local_time":"11:00","obligee":{"id":22228,"dependency_id":144,"dependency_name":"Subsecretaria Legal, Ministerio de Planificaci\u00f3n Federal, Inversi\u00f3n P\u00fablica y Servicios","active":true,"position":"Subsecretario","created_at":"2026-03-30T17:17:23.000000Z","updated_at":null,"deleted_at":null,"person":{"id":47577,"name":"Llorens Rafael","country":"Argentina","document":null,"email":null,"telephone":null,"gender":null},"dependency":{"id":144,"name":"Subsecretaria Legal"}},"dependency":{"id":144,"name":"Subsecretaria Legal"},"applicant":{"id":22228,"audience_id":22228,"email":null,"telephone":null,"occupation":"GERENTE GRAL.","present":true,"absent":false,"applicant_type":"ARGENTINO","applicant_country":null,"representation_type":"PARTICULAR","represented_entity":null,"interest_type":"COLECTIVO","active":true,"created_at":"2026-03-30T17:17:23.000000Z","updated_at":null,"deleted_at":null,"person":{"id":47576,"name":"KELM CARLOS","country":"Argentina","document":"16777292","email":null,"telephone":null,"gender":null}},"participants":[{"id":22228,"audience_id":22228,"occupation":".","present":true,"created_at":"2026-03-30T17:17:23.000000Z","updated_at":null,"person":{"id":55621,"name":"SR. CARLOS KELM, GERENTE GRAL. DE INTERCARGO Y SR. SUBSECRETARIO LEGAL","country":"Argentina","document":null,"email":null,"telephone":null,"gender":null}}],"files":[]}

Ministerio de Planificación Federal, Inversión Pública y Servicios

Subsecretaria Legal, Ministerio de Planificación Federal, Inversión Pública y Servicios
