{"id":18791,"identifier":"2b8f0ffa3f6110452c6e410a7a6a47892ac1965d73fdfdf94430bb90e954f755","request_date":"2007-01-12 03:00:00","date":"2007-01-16 16:00:00","duration_minutes":null,"publish_date":"2007-01-16 19:00:00","published_by":null,"status":"PUBLICADA","summary":"SE EVALUARON DIFERENTES CASOS REFERENTES A CONTRATACION DE PERSONAL DE LA EMPRESA","motif":"EXPEDIENTES REFERENTES A CONTRATACION DE PERSONAL","interest_type":"COLECTIVO","place":"PRIVADA DEL SE\u00d1OR SUBSECRETARIO","address":"Ministerio de Planificaci\u00f3n Federal, Inversi\u00f3n P\u00fablica y Servicios","type":"PRESENCIAL","obligee_id":18791,"applicant_id":18791,"author_id":null,"dependency_id":null,"has_participants":false,"document_reference":null,"active":true,"deleted_by":null,"deleted_reason":null,"created_at":"2026-03-30 14:16:24","updated_at":"2026-03-30 14:16:24","deleted_at":null,"participants_count":1,"local_date":"2007-01-16","local_time":"16:00","obligee":{"id":18791,"dependency_id":144,"dependency_name":"Subsecretaria Legal, Ministerio de Planificaci\u00f3n Federal, Inversi\u00f3n P\u00fablica y Servicios","active":true,"position":"Subsecretario","created_at":"2026-03-30T17:16:24.000000Z","updated_at":null,"deleted_at":null,"person":{"id":47577,"name":"Llorens Rafael","country":"Argentina","document":null,"email":null,"telephone":null,"gender":null},"dependency":{"id":144,"name":"Subsecretaria Legal"}},"dependency":{"id":144,"name":"Subsecretaria Legal"},"applicant":{"id":18791,"audience_id":18791,"email":null,"telephone":null,"occupation":"GERENTE GRAL.","present":true,"absent":false,"applicant_type":"ARGENTINO","applicant_country":null,"representation_type":"PARTICULAR","represented_entity":null,"interest_type":"COLECTIVO","active":true,"created_at":"2026-03-30T17:16:24.000000Z","updated_at":null,"deleted_at":null,"person":{"id":47576,"name":"KELM CARLOS","country":"Argentina","document":"16777292","email":null,"telephone":null,"gender":null}},"participants":[{"id":18791,"audience_id":18791,"occupation":".","present":true,"created_at":"2026-03-30T17:16:24.000000Z","updated_at":null,"person":{"id":47578,"name":"Sr. CARLOS KELM Y Sr. SUBSECRETARIO","country":"Argentina","document":null,"email":null,"telephone":null,"gender":null}}],"files":[]}

PRIVADA DEL SEÑOR SUBSECRETARIO

Ministerio de Planificación Federal, Inversión Pública y Servicios

Subsecretaria Legal, Ministerio de Planificación Federal, Inversión Pública y Servicios
